(10).
9
Let b(t) = t**2 + 7*t - 10. Let c(v) = 5*v**2 - 13*v + 1. Let m be c(2). Let l(j) = -j**3 - 8*j**2 - 12*j + 5. Let h be l(m). Determine b(h).
20
Let k(l) be the second derivative of -l**8/6720 + l**7/210 - l**6/72 - 2*l**5/15 - 17*l**4/12 - 61*l. Let x(q) be the third derivative of k(q). Give x(11).
-5
Let p(u) be the first derivative of -13*u**2/2 - 22*u - 655. Give p(-3).
17
Let d(l) be the third derivative of -l**5/30 + 2*l**4/3 + 11*l**3/2 - 60*l**2 + 12*l. Determine d(9).
15
Let m(h) be the first derivative of -h**3/3 - 3*h**2/2 + 12*h - 4801. Determine m(2).
2
Let c(l) be the second derivative of l**4/12 + l**3/2 + 7*l**2/2 - l. Let h = 4278 + -4283. Determine c(h).
17
Let l(f) = -2*f + 2*f**2 - 3*f**2 + 11 - 7. Let w = -6 - -6. Suppose 0 = 2*o - w*o - 6. Determine l(o).
-11
Let x(o) = o**3 - 6*o**2 + o + 2. Let r be x(6). Let m(k) be the third derivative of -k**4/12 + 4*k**3/3 - 23*k**2 + 25. Determine m(r).
-8
Suppose 13*f = 3*l + 14*f - 373, 0 = -f - 2. Let z = 123 - l. Let y(c) be the second derivative of 2*c**3/3 + c**2/2 - c. Calculate y(z).
-7
Let q = 204596 - 204590. Let n(t) = -20 + t + 3*t - 2. Determine n(q).
2
Let v(m) = 14*m**2 - 2*m - 4. Let t(w) = 101*w**2 - 15*w - 27. Let z(a) = -2*t(a) + 15*v(a). Give z(-3).
66
Let l(m) be the second derivative of -m**6/120 + m**5/10 - m**3 - 26*m**2 + 76*m. Let b(p) be the first derivative of l(p). Determine b(6).
-6
Let r(t) = -t**2 - 10*t - 2. Let u(y) = 8*y + 182. Let n be u(-24). Let x be (n/8)/((-2)/(-16)) - -1. Determine r(x).
7
Let t(v) be the first derivative of 4*v - v**2 + 19 + 1/3*v**3. Let p(x) = -x**2 + x - 3. Let l(k) = -5*p(k) - 4*t(k). What is l(-4)?
3
Let a(j) be the second derivative of 5/2*j**2 + 3*j + 3 - 1/12*j**4 + 2/3*j**3. Calculate a(-2).
-7
Let h = 964 + -596. Let m(i) = 0*i**3 - 378*i**2 - 9*i + 2*i**3 + h*i**2 - 2 - 3*i**3. Calculate m(-9).
-2
Let k(w) = 23*w - 2. Let h = -11089 - -11090. What is k(h)?
21
Let p(b) = -b**2 - b + 1. Suppose -2 = -u, 2*u + 5 = 3*i + 3*u. Let a be -3*(-1 - i) + -5. Give p(a).
-1
Suppose 6*t - 15 = t. Let i(r) = -3*r**3 + 0*r**3 - 2*r + 6*r**2 + 4*r**t - 6. Let u be 81/18*(-7)/(126/24). Calculate i(u).
6
Suppose 3*o - 63 = h + 4, 2*h + 92 = 4*o. Let z(s) = -s**3 + 22*s**2 - 20*s - 15. What is z(o)?
6
Let k(d) be the second derivative of d**5/20 - d**4/12 + 3*d**2 + 10*d. Suppose -23*l - 4*l = -3*l. Calculate k(l).
6
Let g(k) = -k**2 - 5*k + 1. Let j = 69 - 50. Suppose q - 2*q = 2*f - 3, 0 = -f + 3*q + j. Suppose -19*z = -18*z + f. What is g(z)?
5
Let m(d) be the first derivative of -2*d - 4*d - 1 + d**2 + 0*d**2. Let z = -858464 - -858470. What is m(z)?
6
Suppose -3*b - r - 15 = 0, 10*r - 8*r = b + 12. Let v be (b/4)/(13/208*-8). Let j(q) = -3*q - 1 + 7 - 2. Determine j(v).
-5
Let t(m) = -m**2 + 6*m - 7. Let s = -900 + 625. Let p = -269 - s. Calculate t(p).
-7
Let u(c) = 588139*c - 588134*c - 18 - 6. Give u(6).
6
Let g(v) = -2*v + 2252. Let c(s) = 3*s - 1932. Let f(z) = -7*c(z) - 6*g(z). What is f(6)?
-42
Let f(j) = j - 4. Suppose 0 = 193*u - 196*u + 75. Suppose 1 - u = -8*k. What is f(k)?
-1
Let o be -1*0/((-25)/5). Let a(f) = -31 - 122*f**2 - 122*f**2 + 245*f**2. Determine a(o).
-31
Let r be (-912)/(-176) + (-8)/44. Let h(m) = -2*m**3 + 2*m**2 + 24*m + 5. What is h(r)?
-75
Let r(o) = -o - 3. Let a(x) = -62 - 45 + 4*x + 185 - 61. Let s(g) = a(g) + 6*r(g). Determine s(-2).
3
Let c(t) be the second derivative of t**5/20 - t**4 + 5*t**3/3 + t**2 - 1183*t. Give c(11).
-9
Let b be (2/4)/((-3)/(-60)). Suppose 4*o = 2*o + b. Let x(a) = o + a + 2 - 2 - 2. Give x(4).
7
Suppose -9*n + 72*n = 636*n + 2292. Let b(h) = -h**3 - 7*h**2 - 7*h - 23. What is b(n)?
-43
Suppose -8*j - 139 + 147 = 0. Let i(k) = k**2 + k. Let s(b) = 7*b**3 - 5*b**2 - 5*b + 1. Let c(h) = j*s(h) + 5*i(h). Give c(-1).
-6
Let u(n) = -9 - 124*n**2 + 123*n**2 - 15*n + 5*n. Suppose 24*g = 7*g - 1445. Let w = 78 + g. What is u(w)?
12
Let i(j) = j**2 - 4*j - 2*j**2 - 21*j**3 - 2 - 2*j**2 + 22*j**3. Let k(v) = v**3 - 11 - 8*v + 40*v**2 + 0 - 48*v**2. Let a be k(9). Calculate i(a).
-14
Let u be 1 + (-10)/8 + (-3)/4. Let w be 1*u*(-4 - -2). Let s(m) = 8*m**w + 14*m + 8*m**2 - 4*m - 15*m**2 + 9. What is s(-6)?
-15
Let u = -59 + 65. Let j(y) = -y**3 + 8*y**2 - y. Let n(p) = p**3 - 11*p**2 + 10*p - 6. Let w(o) = -2*j(o) - n(o). Calculate w(u).
-6
Suppose -w - 3*z + 2 = -10, 2*z - 8 = -4*w. Suppose -81*v + 90*v - 54 = w. Let h(a) be the first derivative of -a**2/2 + 3*a + 2. Give h(v).
-3
Let c be 2/7 + (-38)/(-14). Let u(q) = -2*q - c + 5 - 5 - q**3. Suppose -2*p - 72*d = -69*d + 1, -13 = 4*p - 5*d. Give u(p).
9
Suppose -31*r - 243142 = -243049. Let c(q) = 6 + q + 3 - 5 + q**2. Calculate c(r).
10
Let q(c) = 0*c**3 + c**3 + 13*c**2 + 0*c**3 - 13. Let a = -717550 + 717537. Calculate q(a).
-13
Let n(p) = p**2 + 4*p + 3. Let x be 5 + (-8)/(8/2). Let g(t) = t**2 + 6*t + 4. Let c(s) = x*g(s) - 4*n(s). Give c(3).
-3
Let o = -52 - -56. Suppose -o*r - r = -65. Suppose 5*n + r - 8 = 0. Let s(u) = -3*u + 1. Calculate s(n).
4
Let s = -201 - -192. Let t(l) = 7*l + 4 + 2*l + 7*l - 15*l. Determine t(s).
-5
Suppose 586 = x - 249. Suppose 2*m - x = -5*w, w - 170 = 4*m - 5*m. Let h be w/35 - ((-18)/14 - -1). Let r(f) = -f**2 + 2*f + 7. What is r(h)?
-8
Let d(b) = -b**3 + 5*b**2 + 7*b - 5. Let l(u) = u**3 + 4*u**2 + 6*u - 4. Let g(p) = -6*d(p) + 7*l(p). Determine g(-1).
-13
Let i(f) = 7*f**2 + 4*f + 3. Let h = -242 + 364. Suppose h = -m + 120. Give i(m).
23
Let c(k) = 105*k**2 + 2*k + 4. Let l be c(-1). Let z(j) = -j**2 - 102*j + l*j + 5 - 5. Calculate z(6).
-6
Suppose -5*z - 7 + 2 = 0. Suppose -4*s + 8 + 0 = 0. Let d(x) = -3*x**3 + 2*x**3 + 2*x**3 + 1 + 2*x**2 - s*x + 4*x. Calculate d(z).
0
Let s = -7564 - -7567. Let m(y) be the first derivative of -3*y + 26 + 1/3*y**s + 1/2*y**2. Give m(-5).
17
Let z(u) = 54*u**2 - 2*u - 2. Suppose 3*f - 2*y = 222 - 243, 9 = y. What is z(f)?
54
Let y(a) = -a**2 - 11*a + 14. Let s be y(-12). Let l(o) = 21 - o**2 + 23*o - 18*o - s. Let n be l(-3). Let g(c) = -c**3 - 7*c**2 - 8*c - 3. What is g(n)?
-13
Suppose 0 = 19*c + 68 + 8. Let d(u) = -2180*u + 2178*u - 3 - 1 + 4*u**2 + u**3. Determine d(c).
4
Let h = -48 - -51. Let k(o) = -2 + 3*o**2 + 3*o**3 - 4*o**h + 0*o**2. Suppose -m = 5*i - 8, 0*i - 3*i = 3*m. What is k(i)?
2
Let t(j) be the second derivative of 17*j + 0 - 11/6*j**3 + 7/2*j**2 + 1/20*j**5 + 7/12*j**4. Calculate t(-8).
31
Let g(z) be the first derivative of -3*z**2 - 5*z - 4445. Let t(j) = 3 + 0*j + 2*j + 5*j. Let l(q) = 2*g(q) + 3*t(q). Give l(-1).
-10
Let d(u) be the second derivative of u**4/12 - 6*u**2 + u. Let p be (0 - 0)/(0 - -1). Let i be p/(-3 + 4 + 1). Calculate d(i).
-12
Let q(r) = 25*r + 16. Let d(u) = -8*u - 5. Let y(f) = 7*d(f) + 2*q(f). Let b = -4375 - -4369. What is y(b)?
33
Let a(b) = b**3 + 2*b**2 + 16. Let j(n) = -92*n - 276. Let m be j(-3). Determine a(m).
16
Let q(u) = -u**2 - 10*u - 2*u + 4*u + 12 - 20 + 4*u. Calculate q(-10).
-68
Suppose -73 + 39 = -4*r - 3*z, -5*r - 3*z = -41. Let y(t) be the second derivative of -t**5/20 + 2*t**4/3 - 3*t**3/2 + 3*t**2 + 2*t. Determine y(r).
-8
Suppose 2*s + 4*x + 10 = 0, -7 = -2*s - 2*s + x. Let z = -59 + 62. Let t(u) = 4*u + 8*u - 141 + 140 - z*u. Determine t(s).
8
Let n(v) be the second derivative of -v**4/12 + 2*v**3/3 + 2*v. Suppose -x + 2*x = -18. Let s be (2/(-4))/(3/x). Give n(s).
3
Let s(x) = -x**3 - 6*x**2 + x + 1. Let t be 135/2 - 15/10. Let m be (t/10 - 6)/((-1)/10). Calculate s(m).
-5
Let n(v) = -3*v + 24. Suppose -52*t = -32*t - 27*t - 42. Calculate n(t).
42
Let i(x) = 51*x - 70. Let a(v) = 154*v - 246. Let n(b) = 2*a(b) - 7*i(b). Determine n(-1).
47
Let a(m) be the first derivative of -m**3/3 - 2*m**2 + 4*m - 2. Let p = -174 + 174. Suppose p = -10*h + 15*h + 25. What is a(h)?
-1
Let o(q) be the first derivative of q**4/2 - 2*q**3/3 + 3*q**2 + q - 119. Let h(i) = -2*i**3 + i**2 - 6*i - 2. Let l(u) = 5*h(u) + 6*o(u). Give l(4).
36
Let t(j) = -16*j. Suppose 2*z = x - 57, -3*z + z + 5*x = 77. Suppose 62*q + 45 = 107. Let s be (q + 0)*(25 + z). What is t(s)?
16
Let g(j) be the first derivative of -3*j**2 - 8*j + 3624. Give g(0).
-8
Let x(u) be the first derivative of 1/2*u**2 - 71 - 10*u. Calculate x(-8).
-18
Suppose -476*n + 492*n = -32. Let d(l) = 13*l**2 + 19*l + 16. Let z(b)